2, i + 0*r + 16 = -4*r. Suppose 2*q + 5*s + 13 = i, 3*q + 2*s = 4*s + 9. Let k = 2 + q. What are the prime factors of k?
3
List the prime factors of 2/7 - 8802/(-63).
2, 5, 7
Suppose 7*m = 5*m + 50. What are the prime factors of m?
5
Let a be (-30)/5*(-1)/2. Suppose a*b + 2*k - 53 = 0, -4*b + 0*b = -k - 67. List the prime factors of b.
17
Suppose -13 = -3*g - 4. What are the prime factors of 8 - ((g - 2) + 2)?
5
Let c be (0 - 1) + 0 + 3. Let o(l) = l**3 + 0*l**2 + 0*l**3 + 3*l**c. List the prime factors of o(-2).
2
Let x(z) = 13*z**2 + 2*z. Let v be x(-2). Suppose -3 = 5*p - v. Let i = p - 2. What are the prime factors of i?
7
Let z = -17 + 19. Suppose 5*a + 121 = z*q, 2*q - 2*a - 2*a = 118. What are the prime factors of q?
53
Suppose 7*x = 140 + 252. List the prime factors of x.
2, 7
Suppose 2*j - 4*j - 6 = 0. What are the prime factors of 4*j/6*-3?
2, 3
Let k(t) = -t**2 - t + 3. Let x be k(0). Let q(a) = a**2 - a + 2. List the prime factors of q(x).
2
Suppose -4*x + 13 = -7. Suppose 5*i = i + x*w - 60, 4*w - 16 = 0. Let a = i - -20. List the prime factors of a.
2, 5
Let y(n) = n**3 + 7*n**2 - 7*n + 8. Let b be (-22)/3 - (-6)/(-9). Let k be y(b). List the prime factors of 9 - ((1 - 0) + k).
2
List the prime factors of (-2)/1 - (-369)/9.
3, 13
Suppose 2*d + 22 = -30. What are the prime factors of (-6)/(-8) + d/(-8)?
2
Let q be (-321)/(-21) - (-2)/(-7). Let k(x) = -x**3 + 16*x**2 - 12*x + 8. List the prime factors of k(q).
53
Let h be ((-64)/24)/(4/(-6)). Suppose -3*q + h = -q. List the prime factors of q.
2
Let m = 0 - 0. Let k be 0 + m/(-2) + -29. Let c = k - -40. List the prime factors of c.
11
Suppose 16*u - 1239 = 9*u. What are the prime factors of u?
3, 59
Let x be 2/(-6) + (-32)/(-6). Suppose -x*w + 14 + 1 = -5*k, 0 = -3*w - 4*k + 30. What are the prime factors of w?
2, 3
Let j(b) = -b**3 - b**2 + b - 3. Suppose 5*o + 6 = -9. List the prime factors of j(o).
2, 3
Let d be (4/(-6))/(2/3). What are the prime factors of 0 + (-1)/d + 12?
13
Suppose -5*b = -5*g - 20, -5*b - 4*g - 1 + 21 = 0. What are the prime factors of (b/6)/(10/135)?
3
Suppose 101 = -4*z + 3*g, 4*z + 3*g = 54 - 137. Suppose 2*j - u - 22 - 47 = 0, -j + 5*u + 57 = 0. Let c = j + z. List the prime factors of c.
3
Suppose -4*b - 50 = b. Let y be (b/6)/((-2)/6). Suppose 2*j = w - 0*w + 17, -y*j + w + 38 = 0. List the prime factors of j.
7
Let g = -57 - -107. List the prime factors of g.
2, 5
Suppose -5*t = 4*a - 36, -4*t + 4*a + 12 = 3*a. Let d = 21 + -19. What are the prime factors of -18*d*(-1)/t?
3
Let g = 120 - 83. List the prime factors of g.
37
Let t(z) = -z + 9. Let h be t(9). Let f(q) = -q + 13. List the prime factors of f(h).
13
Suppose -6 = 3*u - 0*u. Let r(l) = -l**3 + 2. List the prime factors of r(u).
2, 5
Suppose -1143 = -4*j - 5*j. List the prime factors of j.
127
Suppose 0 = -2*s + 5*g + 104, 0*g = 3*s + 3*g - 114. Suppose 0 = -5*m - 10, 5*q + 7*m = 3*m + s. List the prime factors of q.
2, 5
Let n = -92 + 51. Let l = 65 + n. List the prime factors of l.
2, 3
Let s(q) = -3 - 3*q**2 + 5 + 2*q**3 + 0*q**2. List the prime factors of s(2).
2, 3
Let j be 1/((-4)/(-260)) - -1. Suppose 0 = 4*b - 5*b + 2*k + 31, -j = -3*b - 3*k. What are the prime factors of b?
5
Let n(g) = 29*g**2. Let m be n(-1). Suppose m = 5*a - 4*a - t, 5*t + 10 = 0. List the prime factors of a/6*2*1.
3
Suppose p = -5*i - 3*p + 222, 0 = 3*i - 3*p - 117. List the prime factors of i.
2, 3, 7
Let c = 24 + -42. Let m = 2 - c. List the prime factors of m.
2, 5
Let d(o) = o**3 - 4*o**2 + 2. Let p be d(4). Let l be (p + 5/(-2))*-6. What are the prime factors of 19/2 - l/(-6)?
2, 5
Suppose 0 = -4*o + 3*i + 51, -37 = -0*o - 3*o + i. Let g be (o/30)/(2/(-30)). What are the prime factors of (4*3)/((-9)/g)?
2
Let k be ((-4)/(-4))/(1/(-9)). Let s be (20/(-6))/(3/k). Suppose f = 3*f - s. What are the prime factors of f?
5
Let o = 51 + 59. What are the prime factors of o?
2, 5, 11
Suppose -2*d + 51 = -29. Let s = 60 - d. What are the prime factors of s?
2, 5
Let q be (-18)/4 + (-4)/8. Let k = -8 - q. What are the prime factors of k + (2 - 1) - -7?
5
Let v be (15/12)/((-3)/(-12)). Suppose -h + 4*b - 36 = -v*h, 0 = 4*h - 2*b - 24. Let y = 20 - h. What are the prime factors of y?
13
Suppose -3*l + 15 = 0, -2*l + 61 = 2*z - l. List the prime factors of z.
2, 7
Let s = 3 - 1. Suppose 4*w - 3*w = -4*u - 2, -s*w = -4*u + 4. What are the prime factors of w/(-4)*-1*-12?
2, 3
Suppose -5*z + 16 = -z. Suppose z*x - 9*x = -90. What are the prime factors of x?
2, 3
Suppose 39 = b - 4*b. Let x = b + 30. List the prime factors of x.
17
Suppose 504 = l + 3*l. Let s be ((-2)/(-6))/(6/l). Let x = s - 0. List the prime factors of x.
7
Let d(p) = 2*p - p + 7*p - 7 - p**2. Let m(b) = 7*b**2 - 2*b + 1. Let l be m(1). List the prime factors of d(l).
5
Let l(j) be the first derivative of -j**3/3 - 3*j**2/2 + 3*j - 3. Let t(h) = h**2 - h + 1. Let g(a) = l(a) + 2*t(a). List the prime factors of g(6).
11
Let i(w) = -19*w + 2. What are the prime factors of i(-2)?
2, 5
Let l(w) = 2*w - 7. Let m be l(5). Suppose m*g = v + 1, v - 2*g - 3*g + 3 = 0. What are the prime factors of 3/v + (-21)/(-6)?
5
Let k(j) = -2*j**2 - 3*j - 1. Let b be k(-2). Let y = b + 3. Suppose -15 = -4*p - a, y = -4*p + p - 3*a + 9. What are the prime factors of p?
2
List the prime factors of (12 + -1)*((0 - 4) + 27).
11, 23
Let t(u) = -u**3 + 4*u**2 - 2. List the prime factors of t(3).
7
Let t be 28 + (-5 + 3 - -2). Suppose 5*g + q - 27 = 22, -2*q = -4*g + t. List the prime factors of g.
3
Suppose -2*i + 354 = o, 4*i + 0*o - 4*o - 708 = 0. What are the prime factors of i?
3, 59
Suppose -8*o = -6*o + 4. List the prime factors of o/4 - (-111)/6.
2, 3
Suppose -3*z = -6*z - o + 45, -4*z - 3*o + 55 = 0. List the prime factors of 2/4*2 + z.
17
Let w(f) = 3*f**2 + 5*f - 14. List the prime factors of w(4).
2, 3
Suppose 2*d + 1 - 5 = 0. Suppose -28 = -0*h - d*h. List the prime factors of h.
2, 7
Let u(t) = 4*t**3 + 8*t**2 + t - 6 - 3*t**3 - 2*t. Let k be u(-8). Suppose 2*v + 34 = 3*a, v + 17 = k*a - 4. What are the prime factors of a?
2
Suppose -3*a = -3*p + 2*a + 16, 0 = a + 2. List the prime factors of 6 - p - 1*2.
2
Suppose 5*d - 30 = -4*z - 0*d, d - 17 = -3*z. Suppose 2*i - 5*r = z - 15, -2*i + 18 = 2*r. What are the prime factors of (12/(-15))/((-2)/i)?
2
Let d(s) = -2*s + 2. Let w(x) = x. Let z(h) = -d(h) + 5*w(h). What are the prime factors of z(2)?
2, 3
Let l = 51 - 7. Suppose 4*k = -4*n + l, n = -2*n + k + 25. List the prime factors of n.
3
Suppose 4*x = 0, -6 = -q - 3*x + 19. List the prime factors of q.
5
List the prime factors of 242/6 - (-4)/(-3).
3, 13
Suppose 0 + 8 = 2*m. Let d(z) = z**3 - 3*z**2 - 2*z + 6. List the prime factors of d(m).
2, 7
Let d = 223 - 67. What are the prime factors of d?
2, 3, 13
Suppose 2*b + 1 = -3, -4*b = -2*z + 18. Suppose 0 = -5*g - z*j + 30, 5 = 2*g + j - 6. List the prime factors of g.
5
Suppose 5*y - 16 - 4 = 0. What are the prime factors of (y - 1)*(2 + -1)?
3
Let d be 18/((-2)/((-6)/1)). Suppose -d = 4*t - t. Let i = t - -30. List the prime factors of i.
2, 3
Let s(y) = -y**2 + 9*y - 1. Let z(a) = -a**3 + 4*a**2 + 6*a - 7. Let g be z(5). Let m be 2/(g/(-14)*2). List the prime factors of s(m).
13
Suppose -4*d + 30 = d + 3*r, -d + 5*r = 22. Let j = 2 + -3. List the prime factors of d + -5 + (9 - j).
2
Let h(q) be the first derivative of q**2/2 + 4*q - 2. Let g be h(-4). Suppose g*u = -u + 14. What are the prime factors of u?
2, 7
Let z = 97 - 68. What are the prime factors of z?
29
Let p(f) = -f**3 + 5*f**2 - 2*f - 3. What are the prime factors of p(4)?
5
Let b be ((-10)/(-4) + -2)*10. Suppose g + 2*s - 14 = 5*g, 0 = g + b*s - 24. What are the prime factors of g/4 + 539/28?
19
Let i = -2 + 5. Suppose -i*a + 2*a + 17 = 0. What are the prime factors of a?
17
Suppose -3*w = -k - 7*w + 42, 5*w = -5*k + 255. List the prime factors of k.
2, 3
Let z be 20/(-6)*24/(-20). Suppose i - z*i = -q, -5*q + 5*i = 0. Suppose g - y - 3 = 0, -5*g + q*g + y = -31. What are the prime factors of g?
7
Suppose 4*x + 0*x - 76 = 0. Let v = 5 - x. List the prime factors of (v/(-8))/(2/8).
7
List the prime factors of (1 + 0)*(-2489)/(-19).
131
Let o(y) = -5*y - 7. Let j be o(-3). Let k = j + 16. List the prime factors of k.
2, 3
Let s(f) = -2*f**2 - 7*f + 3. L